?
False
Is 13 a factor of 7189?
True
Is 44 a factor of 6160?
True
Is 775 a multiple of 25?
True
Does 47 divide 1210?
False
Does 23 divide 874?
True
Is 867 a multiple of 37?
False
Does 108 divide 9503?
False
Does 26 divide 19637?
False
Is 86 a factor of 1204?
True
Does 48 divide 2942?
False
Is 1395 a multiple of 15?
True
Is 30 a factor of 24392?
False
Is 5420 a multiple of 12?
False
Is 345 a multiple of 27?
False
Does 6 divide 615?
False
Is 6578 a multiple of 26?
True
Does 24 divide 145200?
True
Is 19 a factor of 1311?
True
Does 335 divide 22551?
False
Is 3460 a multiple of 10?
True
Is 7 a factor of 34298?
False
Does 3 divide 1630?
False
Does 7 divide 1085?
True
Is 4830 a multiple of 35?
True
Does 11 divide 792?
True
Does 23 divide 10569?
False
Does 33 divide 6897?
True
Is 6 a factor of 210?
True
Is 16 a factor of 1187?
False
Is 53 a factor of 21910?
False
Is 41186 a multiple of 183?
False
Does 7 divide 2441?
False
Is 52416 a multiple of 45?
False
Is 548 a multiple of 25?
False
Is 416 a multiple of 13?
True
Is 214 a factor of 23162?
False
Does 20 divide 56828?
False
Is 22 a factor of 748?
True
Does 27 divide 1377?
True
Is 13 a factor of 208?
True
Is 7030 a multiple of 47?
False
Does 11 divide 7634?
True
Is 713 a multiple of 23?
True
Is 107 a multiple of 65?
False
Does 99 divide 1089?
True
Is 202 a factor of 23634?
True
Is 105 a factor of 71523?
False
Is 8 a factor of 64?
True
Is 259 a multiple of 5?
False
Is 7 a factor of 292?
False
Is 2135 a multiple of 35?
True
Does 2 divide 74?
True
Does 3 divide 1312?
False
Is 39 a factor of 3986?
False
Is 30 a factor of 4590?
True
Is 10 a factor of 1238?
False
Does 16 divide 55728?
True
Is 528 a multiple of 48?
True
Does 18 divide 22488?
False
Is 184 a factor of 38709?
False
Is 69 a factor of 1619?
False
Is 1782 a multiple of 9?
True
Does 81 divide 12636?
True
Is 923 a multiple of 25?
False
Does 15 divide 11460?
True
Is 19 a factor of 687?
False
Is 13 a factor of 2753?
False
Does 11 divide 759?
True
Is 41 a factor of 12300?
True
Does 33 divide 3736?
False
Is 5 a factor of 121?
False
Is 19600 a multiple of 16?
True
Is 1089 a multiple of 34?
False
Is 50 a factor of 825?
False
Is 1299 a multiple of 11?
False
Is 665 a multiple of 95?
True
Does 276 divide 49404?
True
Is 74 a factor of 814?
True
Is 293 a multiple of 31?
False
Is 20 a factor of 1134?
False
Is 96 a factor of 209?
False
Is 19 a factor of 6315?
False
Is 450 a multiple of 18?
True
Is 12 a factor of 8180?
False
Does 24 divide 121752?
True
Does 44 divide 21340?
True
Does 22 divide 682?
True
Is 313 a multiple of 130?
False
Is 28 a factor of 8400?
True
Is 720 a multiple of 10?
True
Is 18 a factor of 18288?
True
Does 12 divide 3480?
True
Is 910 a multiple of 25?
False
Does 17 divide 2822?
True
Is 58 a factor of 1798?
True
Is 300 a multiple of 6?
True
Is 2526 a multiple of 6?
True
Does 10 divide 1494?
False
Does 51 divide 74?
False
Does 46 divide 506?
True
Does 17 divide 20084?
False
Is 91587 a multiple of 57?
False
Is 208 a multiple of 12?
False
Is 35 a multiple of 5?
True
Is 614 a multiple of 2?
True
Is 1890 a multiple of 10?
True
Is 90475 a multiple of 175?
True
Is 10 a factor of 1820?
True
Does 20 divide 2560?
True
Is 909 a multiple of 7?
False
Is 2 a factor of 109?
False
Does 5 divide 480?
True
Does 74 divide 6808?
True
Is 5 a factor of 5730?
True
Does 32 divide 5920?
True
Does 122 divide 4758?
True
Does 12 divide 2736?
True
Is 14 a factor of 2814?
True
Does 9 divide 1278?
True
Is 37 a factor of 629?
True
Does 5 divide 1715?
True
Is 2250 a multiple of 30?
True
Does 32 divide 77?
False
Does 50 divide 1900?
True
Is 2007 a multiple of 9?
True
Is 8 a factor of 11720?
True
Is 27 a factor of 152?
False
Does 38 divide 361?
False
Is 751 a multiple of 20?
False
Does 47 divide 8208?
False
Is 29 a factor of 2127?
False
Is 206 a factor of 1967?
False
Is 84 a factor of 51097?
False
Is 1647 a multiple of 3?
True
Is 218 a multiple of 24?
False
Is 10430 a multiple of 64?
False
Is 14 a factor of 50150?
False
Is 157 a factor of 3056?
False
Is 4707 a multiple of 9?
True
Does 74 divide 37222?
True
Does 79 divide 79?
True
Does 86 divide 2666?
True
Is 7 a factor of 2408?
True
Is 130 a factor of 1040?
True
Is 2080 a multiple of 80?
True
Is 28 a multiple of 5?
False
Does 24 divide 5653?
False
Is 275 a multiple of 55?
True
Is 12 a factor of 4032?
True
Is 11209 a multiple of 127?
False
Is 11 a factor of 570?
False
Does 74 divide 29378?
True
Is 476 a multiple of 28?
True
Does 9 divide 632?
False
Is 1311 a multiple of 19?
True
Does 82 divide 375?
False
Does 5 divide 603?
False
Does 3 divide 2734?
False
Does 48 divide 4080?
True
Is 1315 a multiple of 42?
False
Is 20 a factor of 13800?
True
Does 8 divide 14832?
True
Is 13 a factor of 546?
True
Is 136 a factor of 13056?
True
Is 1313 a multiple of 45?
False
Does 468 divide 111799?
False
Does 33 divide 26571?
False
Is 22 a factor of 2325?
False
Does 149 divide 421?
False
Does 10 divide 780?
True
Does 12 divide 169884?
True
Is 27975 a multiple of 15?
True
Does 8 divide 312?
True
Is 34 a factor of 3691?
False
Is 4 a factor of 1173?
False
Is 20 a factor of 1480?
True
Does 8 divide 446?
False
Is 13 a factor of 35477?
True
Is 239 a multiple of 2?
False
Is 114 a factor of 3192?
True
Is 2979 a multiple of 9?
True
Is 10887 a multiple of 19?
True
Does 10 divide 3048?
False
Does 13 divide 1109?
False
Does 79 divide 4209?
False
Is 3864 a multiple of 24?
True
Is 658 a multiple of 47?
True
Is 17 a factor of 2436?
False
Does 54 divide 1836?
True
Is 446 even?
True
Is 81 even?
False
Does 5 divide 2035?
True
Is 23 a factor of 874?
True
Is 1051 a multiple of 15?
False
Is 2285 a multiple of 5?
True
Is 138 a factor of 49128?
True
Is 20 a factor of 32426?
False
Is 2 a factor of 410?
True
Is 3470 a multiple of 12?
False
Is 9975 a multiple of 15?
True
Is 313 a factor of 3756?
True
Is 26694 a multiple of 59?
False
Does 59 divide 8024?
True
Does 20 divide 1420?
True
Is 5773 a multiple of 46?
False
Is 700 a multiple of 50?
True
Is 11704 a multiple of 19?
True
Is 109 a factor of 167980?
False
Does 4 divide 152?
True
Is 11 a factor of 23045?
True
Does 13 divide 57?
False
Is 88220 a multiple of 67?
False
Is 116 a factor of 49835?
False
Is 149146 a multiple of 42?
False
Is 18 a factor of 612?
True
Is 3733 a multiple of 126?
False
Does 15 divide 1905?
True
Does 7 divide 346?
False
Is 30 a factor of 900?
True
Is 15840 a multiple of 176?
True
Is 155 a factor of 39592?
False
Is 3 a factor of 534?
True
Is 25 a factor of 3415?
False
Is 22 a factor of 462?
True
Is 9 a factor of 8318?
False
Does 85 divide 13172?
False
Is 67 a factor of 268?
True
Does 21 divide 10651?
False
Is 19 a factor of 48070?
True
Is 17 a factor of 1872?
False
Is 3372 a multiple of 9?
False
Does 13 divide 3497?
True
Is 44 a factor of 24064?
False
Is 22 a factor of 264?
True
Is 272 a multiple of 23?
False
Is 992 a multiple of 31?
True
Is 43 a factor of 13978?
False
Is 7 a factor of 6587?
True
Is 10608 a multiple of 3?
True
Is 240 a factor of 3600?
True
Is 28 a factor of 57624?
True
Is 19 a factor of 266?
True
Is 576 a multiple of 32?
True
Does 52 divide 5356?
True
Is 1640 a multiple of 20?
True
Does 268 divide 47102?
False
Does 86 divide 2717?
False
Does 8 divide 240?
True
Does 257 divide 4626?
True
Does 17 divide 150?
False
Does 12 divide 22615?
False
Is 101 a factor of 9393?
True
Is 22 a factor of 517?
False
Does 55 divide 7532?
False
Is 113 a factor of 23648?
False
Does 6 divide 2376?
True
Does 312 divide 101400?
True
Is 70865 a multiple of 298?
False
Is 55 a factor of 2476?
False
Is 3959 a multiple of 37?
True
Is 60 a factor of 1920?
True
Does 6 divide 24834?
True
Does 12 divide 7584?
True
Does 52 divide 22048?
True
Is 14 a factor of 42?
True
Does 14 divide 57479?
False
Is 9 a factor of 26063?
False
Does 13 divide 14378?
True
Is 14 a factor of 1708?
True
Does 28 divide 81?
False
Is 13216 a multiple of 119?
False
Is 192 a multiple of 18?
False
Is 944 a multiple of 16?
True
Does 10 divide 21020?
True
Is 29 a factor of 5512?
False
Is 13 a factor of 5811?
True
Is 18 a factor of 30?
False
Does 11 divide 18579?
True
Does 11 divide 200?
False
Is 38 a factor of 617?
False
Is 7 a factor of 25?
False
Does 30 divide 12960?
True
Is 23 a factor of 736?
True
Is 61 a factor of 854?
True
Does 33 divide 3993